10743 = -5*a - 2*i, 8599 = o*a - 0*i - 3*i. Is a a prime number?
False
Suppose 7424341 = 103*x - 40*x + 599488. Is x a composite number?
True
Suppose 68*r - 65*r + w - 415367 = 0, 415359 = 3*r - 3*w. Is r a composite number?
True
Let j(r) = -295*r**3 - 8*r - 5. Let h(i) = -i**3 + 10*i**2 - 3*i + 28. Let s be h(10). Is j(s) a prime number?
True
Let o = 437 + -435. Let m(x) = 2721*x + 29. Is m(o) a prime number?
True
Let m(r) = r**3 + 5*r**2 + 37*r + 27. Let q(v) = -v**2 + v + 1. Let z(o) = m(o) + q(o). Is z(23) prime?
False
Suppose 153*n = -88713 + 170111 + 283354. Let o = 1348 - 2645. Let m = n + o. Is m composite?
False
Is (73239*2)/(51/34) - -3 a composite number?
True
Let d = -437 + 4126. Suppose -10*b = 1119 - d. Is b prime?
True
Let j be 0 - (-5)/20 - (-70)/8. Let s be (j/(-6))/(3*(-2)/12). Suppose -4*t - s*x + 5539 = 0, 2*t + x + 4*x = 2787. Is t composite?
False
Let v = 55855 - -33588. Is v prime?
True
Suppose 59*h + 23*h - 37095170 = 12*h. Is h a composite number?
True
Let p = 2169925 - 1343472. Is p composite?
False
Let o(s) = 157*s**2 - 46*s + 686. Is o(19) a prime number?
True
Let x(o) = -o**3 + 5*o**2 - 40*o - 20. Let w be x(-12). Suppose 25*f - 128333 = -w. Is f composite?
True
Is 4590482/10 - (-3 - (-189)/45) a prime number?
True
Let i(p) = 912*p**3 - 6*p**2 + 2*p + 29. Is i(4) a prime number?
True
Suppose 15*q - 3*g - 1093864 = 13*q, -3*q - g + 1640785 = 0. Is q a prime number?
False
Suppose 2*i - 1576969 = 1815688 + 1926353. Is i a composite number?
True
Suppose o = -4 + 7. Let c(x) be the third derivative of x**6/20 - x**5/20 + x**4/12 + 2*x**3/3 + 39*x**2 + 10*x. Is c(o) composite?
True
Suppose -3*f + 4*n + 1288069 = 0, 19*f = 15*f + 2*n + 1717402. Is f composite?
False
Let d(p) = 283*p**3 + 2*p**2 + 2*p - 6. Let t be d(2). Suppose -t = z - 3*z. Is z a composite number?
True
Suppose -5860 = -2*k + 39716. Let a = k + -15985. Is a composite?
False
Let n be (-14)/(6 - 125/20). Suppose n*s = 43*s + 31798. Is s composite?
True
Let v(i) = -6*i + 26. Let l be v(4). Suppose 10171 = 4*o - n - 0*n, -5091 = -l*o - 5*n. Is o a prime number?
True
Let w(b) = 4*b**2 + 11*b - 12. Let k be w(7). Suppose -k = -3*i - 63. Is (1 - 20038/(-18)) + i/(-297) prime?
False
Suppose -212*j = -156*j - 15413384. Is j composite?
True
Suppose d + 145412 = 5*d - 3*h, 4*h + 72706 = 2*d. Is d prime?
True
Is (-1016841)/(-14) + (-120)/48 a composite number?
True
Let c(n) = -n**3 - 3*n**2 + 5*n + 3. Let s be c(-4). Is 81348/12 - (-2 - -2)*s prime?
True
Let u = 133231 - -24840. Is u composite?
False
Let w(n) = -7561*n - 289. Is w(-12) a prime number?
False
Let z(g) = 40351*g + 531. Is z(2) a composite number?
False
Let o(t) = 2*t**3 + t + 5095. Let j(x) = -x**2 + 6*x - 8. Let n be j(4). Is o(n) composite?
True
Suppose -5*y - a = -2*a - 45, 4*a + 52 = 4*y. Suppose y*u = -u + 9. Is 22/22*(u - (-108)/1) a prime number?
True
Let t = 1349792 - 201963. Is t composite?
True
Let o(u) = -4872*u - 3785. Is o(-27) composite?
True
Let o be 13/3 - 4/(-6). Let u(z) = z**3 + 7*z**2 - 3*z - 7. Let s(r) = -r**3 - 7*r**2 + 2*r + 7. Let m(y) = 3*s(y) + 4*u(y). Is m(o) a composite number?
False
Let m = -880 - -1393. Let l = m + 5224. Is l prime?
True
Let i(b) = 22*b**2 - 8*b - 5. Let l be 14/(-42) - (-2)/(-6)*-7. Let c be (-12)/4 + (-6)/l. Is i(c) prime?
False
Is 183/2*9/(135/4190) prime?
False
Suppose -10*t + 214 + 166 = 0. Let z be 8/6*9/6. Suppose -k = -z*k + t. Is k a composite number?
True
Suppose 6*y - 4*q = 2*y + 3488, -3*y = -q - 2616. Is 3 + -7 - (9/3 - y) a composite number?
True
Suppose -8*u = -4*u. Suppose 26*c - 25*c - 7886 = u. Is c prime?
False
Suppose -32*w = -7285592 - 5235144. Is w prime?
True
Let s = 5 + -12. Let f(z) be the second derivative of -47*z**3/3 - 25*z**2/2 + 91*z. Is f(s) a prime number?
False
Let p = 667206 + -256655. Is p composite?
False
Let x = -580706 - -821179. Is x composite?
False
Let w(q) = q**3 - 2*q**2 - 1. Let l(m) = -5*m**3 + 5*m**2 + 18*m + 26. Let j(h) = l(h) + 3*w(h). Is j(-8) composite?
False
Suppose -s + 6*s = 115. Let q be 13/7*(-62 + 76). Suppose -5127 = -q*r + s*r. Is r composite?
False
Suppose -3*b + 4544 = 2*m, 3*b - 3*m + 190 - 4759 = 0. Let y = -877 + b. Is y a composite number?
False
Suppose 0 = -2*a + 61*j - 57*j + 1365030, 5*j + 682530 = a. Is a a composite number?
True
Suppose -913 = -3*t + g, -5*g = -4*t - 2*g + 1219. Is t + (-3)/5*(-5 + 0) a prime number?
True
Let p be (-2784)/(-16)*44/3. Let a = p + -1455. Is a prime?
True
Let d(a) = -251*a - 34. Let t be d(10). Is t/(-32)*474/9 composite?
True
Let q = 2043 + 21356. Is q prime?
True
Let o = -15063 + 152722. Is o a prime number?
True
Let r(n) = -588*n + 44. Let y be r(-15). Let x = -5797 + y. Is x prime?
True
Suppose 203*w - 456*w + 221*w + 38604512 = 0. Is w a composite number?
False
Let s be 8 + 1/((-1)/4). Suppose -4*h - f = 57, 3*h - 3*f + 20 = -s. Let q(z) = -149*z + 12. Is q(h) composite?
False
Suppose 3*y = -5*m + 340 + 369, 582 = 4*m - 5*y. Let u = m + 132. Suppose 11*q - u = 6*q. Is q prime?
False
Let b be ((-269)/2)/(-1)*92. Let r = b - 6817. Is r a prime number?
True
Suppose -708829 = 292*x - 303*x. Is x composite?
False
Let i = 936861 - 479678. Is i a composite number?
False
Suppose 2*z = -4*a + 169128, 2*a - 3*z - 27553 = 57003. Is a a composite number?
False
Let d(h) = 1028*h**2 + 8*h + 11. Is d(-3) a prime number?
True
Suppose 3*u - 3 + 0 = 0. Suppose 3*h = 2*c - 10, 3 = -h + u. Suppose -w - c*y - 900 = -3*w, -4*y = 20. Is w composite?
True
Let g(v) = 50*v**2 + 8*v + 19*v + 49*v**2 + 82*v**2 - 28. Let m be g(12). Is 3*(m/15)/8 a prime number?
True
Let b = 5831 + 21188. Is b a prime number?
False
Let y(m) = 5*m**3 + 8*m - 2. Let p(g) be the third derivative of g**6/40 - g**4/8 + g**3/2 + 3*g**2. Let c be p(1). Is y(c) composite?
False
Suppose -5*p - 10*s + 6*s = -1096503, -877202 = -4*p - 3*s. Is p composite?
True
Let o be 6182*7*(-3)/6. Is (-36)/90 + o/(-5) a composite number?
False
Let g be 5*(-1 + -4)/(-5). Suppose 5*l + g*t + 3800 = 0, 2292 = 3*l - 6*l + 3*t. Is (l/10)/(6/(-30)) a prime number?
False
Let n be ((-54)/(-10) + 1)/((-42)/(-105)). Suppose 2*c - n*c = -15386. Is c composite?
True
Let v(d) = -82*d**2 - 20*d - 59. Let u be v(-3). Let y = -442 - u. Is y a composite number?
True
Let k(m) = 78*m**3 + 13*m**2 + 26*m - 67. Is k(10) a composite number?
False
Let z(t) be the third derivative of -86*t**4 + 7*t**3/6 - 47*t**2. Is z(-2) a prime number?
False
Let q = -752 - -520. Let h be 2/(-6) - (167024/(-33))/13. Let o = q + h. Is o a composite number?
False
Let a = -320280 - -454958. Is a a prime number?
False
Let z(b) = 34 + 29 - 11*b + 27 + 27 + 2248*b**2 - 125. Is z(-3) a prime number?
False
Let g(l) = -5*l - 6. Let j be g(-1). Suppose 3*u - 6*q + 39 = -2*q, -u - 3*q = 0. Is (303/u)/(j/21) a composite number?
True
Is (3*-2 - (-39)/13)*-149 a prime number?
False
Let a be ((-32)/12)/(6/(-9)). Suppose -2*j + 54 = a*j. Suppose -5305 = -j*n + 4*n. Is n prime?
True
Suppose 5 = -0*c + c, -2084 = -v + c. Let d = v - 1250. Is d a prime number?
True
Let r(h) = 7341*h**2 + 44*h - 120. Is r(3) composite?
True
Let w(f) = -663*f**3 + f**2 - 2*f + 53. Is w(-6) a composite number?
True
Let w = -54 + 77. Let u(r) = -r**3 + 30*r**2 + 17*r - 55. Is u(w) prime?
False
Let v(i) be the third derivative of 3*i**5/10 - i**4/3 + 7*i**3/6 - 13*i**2. Let c(w) = 5*w + 111. Let u be c(-24). Is v(u) composite?
True
Let z(x) = x**2 - 2*x + 2. Let y be z(2). Suppose 20546 = 2*w + y*w + 3*q, 0 = 4*q + 8. Suppose 2*h - 8082 = 4*b, 5*h = 3*b + 25336 - w. Is h composite?
True
Let n = -66 - 25. Suppose 3*k + m - 1076 = -318, -k = -m - 258. Let l = n + k. Is l prime?
True
Let m be (-1)/(63/36) - (-38032)/14. Let s = m - 1509. Is s a prime number?
False
Is (2/3)/((8/10)/((-7223550)/(-125))) a composite number?
False
Suppose 105*b - 102*b - 144105 = 0. Suppose -b = 53*m - 58*m. Is m a composite number?
True
Is (-3)/9*(-12 - (-117524940)/(-20)) prime?
True
Let v(p) = 3*p + 27. Let k be v(-8). Suppose 5*i - k = u - 30, -4 = 3*u + 2*i. Let s(j) = 279*j**2 + 2*j - 3. Is s(u) a prime number?
True
Suppose 0 = -79*c - 260598 + 1452787. Is c a prime number?
True
Let l(m) = -m**2 + 15*m - 54. Let p be l(5). Is (-6)/p*(-638972)/(-186) a composite number?
False
Suppose -5*a - 3*t = -365, -t - t = 